{"id":83,"date":"2025-09-18T19:19:31","date_gmt":"2025-09-18T19:19:31","guid":{"rendered":"https:\/\/www.sumeahaku.fi\/?page_id=83"},"modified":"2026-03-08T11:15:26","modified_gmt":"2026-03-08T11:15:26","slug":"sumea-haku","status":"publish","type":"page","link":"https:\/\/www.sumeahaku.fi\/?page_id=83","title":{"rendered":"Sumea haku"},"content":{"rendered":"\n<p>Haluatko lukea feelgood-kirjaa, jossa on:<\/p>\n\n\n\n<ul class=\"wp-block-list\">\n<li>kirjastonhoitajia<\/li>\n\n\n\n<li>huumoria<\/li>\n\n\n\n<li>ihmissuhdedraamaa<\/li>\n\n\n\n<li>kirjastonhoitajien humoristista ihmissuhdedraamaa<\/li>\n\n\n\n<li>parisuhdes\u00e4\u00e4t\u00f6\u00e4 (\ud83d\udeba\ud83d\udeb9 ja \ud83d\udeb9\ud83d\udeb9)<\/li>\n\n\n\n<li>ep\u00e4t\u00e4ydellisyydess\u00e4\u00e4n samaistuttavia hahmoja<\/li>\n\n\n\n<li>harkitsemattomista valinnoista aiheutuvia juonikoukeroita<\/li>\n\n\n\n<li>viihteellist\u00e4 proosaa, joka ei loukkaa lukijan \u00e4ly\u00e4 kerronnan kuluneilla kliseill\u00e4?<\/li>\n<\/ul>\n\n\n\n<p>Sumea haku on t\u00e4t\u00e4 kaikkea! Pian, Camillan, Petrin ja Harrin el\u00e4m\u00e4n hyllyt ovat ep\u00e4j\u00e4rjestyksess\u00e4, ja aina on mahdollista saada enemm\u00e4n kaaosta aikaan.<\/p>\n\n\n\n<p><a href=\"https:\/\/www.sumeahaku.fi\/?p=75\">Prologi \u2013 Pia, Camilla, Petri, Harri<\/a><\/p>\n\n\n\n<p><a href=\"https:\/\/www.sumeahaku.fi\/?p=77\">01 \u2013 Pia<\/a><\/p>\n\n\n\n<p><a href=\"https:\/\/www.sumeahaku.fi\/?p=79\">02 \u2013 Harri<\/a><\/p>\n\n\n\n<p><a href=\"https:\/\/www.sumeahaku.fi\/?p=115\" data-type=\"link\" data-id=\"https:\/\/www.sumeahaku.fi\/?p=115\">03 \u2013 Camilla<\/a><\/p>\n\n\n\n<p><a href=\"https:\/\/www.sumeahaku.fi\/?p=128\">04 \u2013 Petri<\/a><\/p>\n\n\n\n<p><a href=\"https:\/\/www.sumeahaku.fi\/?p=142\">05 \u2013 Camilla<\/a><\/p>\n\n\n\n<p><a href=\"https:\/\/www.sumeahaku.fi\/?p=149\">06 \u2013 Petri<\/a><\/p>\n\n\n\n<p><a href=\"https:\/\/www.sumeahaku.fi\/?p=167\" data-type=\"link\" data-id=\"https:\/\/www.sumeahaku.fi\/?p=167\">07 \u2013 Pia<\/a><\/p>\n\n\n\n<p><a href=\"https:\/\/www.sumeahaku.fi\/?p=184\">08 \u2013 Harri<\/a><\/p>\n\n\n\n<p><a href=\"https:\/\/www.sumeahaku.fi\/?p=191\">09 \u2013 Petri<\/a><\/p>\n\n\n\n<p><a href=\"https:\/\/www.sumeahaku.fi\/?p=197\" data-type=\"link\" data-id=\"https:\/\/www.sumeahaku.fi\/?p=197\">10 \u2013 Camilla<\/a><\/p>\n\n\n\n<p><a href=\"https:\/\/www.sumeahaku.fi\/?p=208\" data-type=\"link\" data-id=\"https:\/\/www.sumeahaku.fi\/?p=208\">11 \u2013 Pia<\/a><\/p>\n\n\n\n<p><a href=\"https:\/\/www.sumeahaku.fi\/?p=211\" data-type=\"link\" data-id=\"https:\/\/www.sumeahaku.fi\/?p=211\">12 \u2013 Petri<\/a><\/p>\n\n\n\n<p><a href=\"https:\/\/www.sumeahaku.fi\/?p=216\" data-type=\"link\" data-id=\"https:\/\/www.sumeahaku.fi\/?p=216\">13 \u2013  Pia<\/a><\/p>\n\n\n\n<p><\/p>\n","protected":false},"excerpt":{"rendered":"<p>Haluatko lukea feelgood-kirjaa, jossa on: Sumea haku on t\u00e4t\u00e4 kaikkea! Pian, Camillan, Petrin ja Harrin el\u00e4m\u00e4n hyllyt ovat ep\u00e4j\u00e4rjestyksess\u00e4, ja aina on mahdollista saada enemm\u00e4n kaaosta aikaan. Prologi \u2013 Pia, Camilla, Petri, Harri 01 \u2013 Pia 02 \u2013 Harri 03 \u2013 Camilla 04 \u2013 Petri 05 \u2013 Camilla 06 \u2013 Petri 07 \u2013 Pia 08 [&hellip;]<\/p>\n","protected":false},"author":1,"featured_media":0,"parent":0,"menu_order":0,"comment_status":"closed","ping_status":"closed","template":"","meta":{"footnotes":""},"class_list":["post-83","page","type-page","status-publish","hentry"],"_links":{"self":[{"href":"https:\/\/www.sumeahaku.fi\/index.php?rest_route=\/wp\/v2\/pages\/83","targetHints":{"allow":["GET"]}}],"collection":[{"href":"https:\/\/www.sumeahaku.fi\/index.php?rest_route=\/wp\/v2\/pages"}],"about":[{"href":"https:\/\/www.sumeahaku.fi\/index.php?rest_route=\/wp\/v2\/types\/page"}],"author":[{"embeddable":true,"href":"https:\/\/www.sumeahaku.fi\/index.php?rest_route=\/wp\/v2\/users\/1"}],"replies":[{"embeddable":true,"href":"https:\/\/www.sumeahaku.fi\/index.php?rest_route=%2Fwp%2Fv2%2Fcomments&post=83"}],"version-history":[{"count":16,"href":"https:\/\/www.sumeahaku.fi\/index.php?rest_route=\/wp\/v2\/pages\/83\/revisions"}],"predecessor-version":[{"id":226,"href":"https:\/\/www.sumeahaku.fi\/index.php?rest_route=\/wp\/v2\/pages\/83\/revisions\/226"}],"wp:attachment":[{"href":"https:\/\/www.sumeahaku.fi\/index.php?rest_route=%2Fwp%2Fv2%2Fmedia&parent=83"}],"curies":[{"name":"wp","href":"https:\/\/api.w.org\/{rel}","templated":true}]}}